e of 91 - -4 - (-2261 + 2333)?
23
Evaluate 90 + -80 + 31 - 16.
25
Evaluate (5 - (-62 - -34)) + -94.
-61
Evaluate (0 - 87) + 0 - (11 + (-17 - (-46 + 30))).
-97
-8 + (-19 - 1) + 12 + -4
-20
What is 54 + 1 - (14 - 4)?
45
What is -8 + -3 + (12 - 0) + (-3 - 7 - 0)?
-9
5 + 5 - ((-19 - 0) + -7 + -3)
39
(71 - (-49 - -87)) + 0
33
What is (7 - -42) + 4 + (19 - 9) + -23?
40
Calculate -14 + 16 + -6 - ((2 - 18) + 22 + -30).
20
What is (10 - 6) + (41 + -53 - -53)?
45
What is -131 - (-28 + -4 - (39 - (18 - -35)))?
-113
Evaluate 158 + -158 + (-3 - -81) + -25.
53
(16 - 9) + -30 + -81 + 15
-89
Calculate 6 + ((31 - 44) + 26 - (25 + -1)).
-5
-9 - (8 + (-9 - (-7 + 0 - (0 + -35))))
20
What is the value of 6 - (2 - 3) - (5 - -6 - (9 - 24))?
-19
What is 1037 - 1034 - (-3 - 28)?
34
38 + -45 + (7 - -4)
4
-39 + (-33 - 32) + 38
-66
(-41 - (-22 + 10)) + -7
-36
Calculate 541 + -537 - (8 + 0) - (2 - 0).
-6
Calculate 3 + 1 - (161 + -287 + 194).
-64
Evaluate -226 - -215 - (6 + -5 + -39).
27
Calculate (-41045 - -41033) + (129 - (0 - -2)).
115
Evaluate -12 - (76 - (-13 - -99)).
-2
-15 + (9 - (3 - -19 - 5))
-23
What is the value of -23 + (-3 - (9 - 9)) + -11?
-37
What is the value of 0 - (44 - 24 - (-8 - (27 + 11)))?
-66
What is the value of -17 + -28 + (6 + -11 - -18)?
-32
What is 33 + (-19 - -15) + -42?
-13
What is 21 + (4 - (2 + 2 - (3 + 22 + -17)))?
29
5 - 27 - ((13 - (14 - -13)) + -1)
-7
What is -2 + 13 - (15 - (6 - 25 - -23))?
0
19 - (-33 - (2 - 68))
-14
What is -100 - (-12 + (1 - -17) + (41 - 52))?
-95
Calculate (-2019 - -2044) + (1 - -1 - 83).
-56
What is the value of (-1 + 3 - -9 - -2) + (15 - 24)?
4
Calculate -21 + -20 - (-207 + 166).
0
Calculate -23 - (2 - (-32 - 4)).
-61
-81 + 79 + 143 + 16 + -5 + -9 + 8
151
What is the value of 3 + 19 + (27 + -7 - 18 - 47)?
-23
Calculate 11 - (11 - (-45 + 88 - 38)).
5
-1 + (41 - 50 - (5 - (15 + -4 + 0)))
-4
What is (-33 + 14 - 65) + (-13 - -6) + -8?
-99
Calculate (-2 - -38) + (16 - 11) - (8 - (3 + 2)).
38
Calculate (-5 - -43) + (155 - 176).
17
Evaluate 26 + -8 + 10 + (353 - 339).
42
What is 65 + -30 + (2 + (2 - 2) - 10) + -1?
26
(30 - 12) + -11 + -28 + -39 + 52
-8
(1 - (7 + 12 + -24 + 20)) + -6 - -2
-18
Calculate (-28 + -96 - -136) + -66.
-54
What is 37 + -79 + (-15 - -4 - 7)?
-60
Evaluate -12 - ((-1 + -2 - (-1 + 9 + -13)) + 0).
-14
-54 - (6 + 52 + -73)
-39
Evaluate -97 - -112 - (18 + 19).
-22
What is the value of (24 - -38) + -14 + 8 + 15?
71
Evaluate 30 + (7 - 14) - 11 - (6 + -55 - -4).
57
What is the value of -66 - (-2 + 31 + -38 + (4 + 1 - -3))?
-65
Evaluate (12 - (20 + -47)) + -31 + (65 - 2).
71
-46 - (34 - (101 - 105))
-84
Calculate -71 + -10 + 18 + -31 - (5 - 16).
-83
Calculate -91 - -162 - (-5 - 2) - -12.
90
What is -96 + (50 + 22 - -67)?
43
What is -3 + -18 + 49 - -39?
67
Calculate (35 - 23) + -77 + -18 - (-2 - (2 + -14)).
-93
What is the value of 0 + -3 + (-69 - (-23 - 2))?
-47
143 + -40 + -20 + -6 + 9
86
(2 - 153) + (-10341 - -10489)
-3
Evaluate -48 + (7 - (-17 - -51)) + 20.
-55
30 + -3 + (6 - -11)
44
What is -1 - (1 + -3 + -1 + 53 + -64)?
13
Evaluate -69 + 43 - (37 + 4 + -2).
-65
Evaluate 6 + 17 + -4 + (142 - 150).
11
Calculate -52 + (-38 - -74) + (-4 - 7).
-27
-63 + 1 - (-6470 + 6329)
79
What is the value of (1 - -38) + -1905 + 1898?
32
Evaluate -122 + 51 + -26 + 117.
20
Evaluate (-11660 - -11728) + (-2 - -19).
85
What is 3 - (-36 + 10 - -33 - 20)?
16
What is (648 - 664) + (0 - (-12 - 1)) + 55?
52
Evaluate (15 - (53 + 11 - 10)) + (-26 - -46).
-19
What is -570 + 560 - (-8 + 4)?
-6
-75 + (-9 + 9 + 11 + -9 - -12)
-61
Calculate -61 + 62 + -58 + 51.
-6
What is (24 - -61) + 34 + -72?
47
Evaluate -5 - (13 + (-22 - -5) + (4 - 10)).
5
Evaluate 2 - (21 + -8 + (9 + -5 - 2)).
-13
Calculate 14 - (2 + (-33 - -10)).
35
Evaluate -5 + (0 - -1) + 6 + -164 + 80.
-82
11 + (-71 - -21) - (6 - 1)
-44
Evaluate -13 - (-2 - 1) - 2.
-12
Evaluate (7 + -4 + 4 + -17 - 11) + 1.
-20
(-1104 - -1132) + 0 + -64
-36
What is -7 + 9 + 0 - -3 - (-19 + 17)?
7
11764 - 11711 - (37 + -1)
17
What is (1 - (1 - -2)) + (-766 - -763) + (-55 - -3)?
-57
-14 - 1 - (242 + (102 - 324))
-35
Calculate 15 + (-1 + 15 - (-28 - (-26 + -7))).
24
Calculate -2 + ((-3 - 1) + 5 - 15 - -3).
-13
What is the value of -208 - -259 - (1 - 4)?
54
What is 88 + -32 - 20 - (2 + -24)?
58
Calculate 62 - (77 + -5 + -84).
74
What is the value of 8 - ((16 - (0 - -53)) + -18)?
63
Evaluate (3 - 11 - -9 - 8 - -33) + 12.
38
What is -165 + -30 - -186 - (0 + -30 - -1)?
20
(1 - (15 - (-2 - -3))) + (-38 - -23 - 97)
-125
What is the value of 123 + (27 - (97 - (75 + -38)))?
90
Calculate (484 - 472) + (3 - 14 - 2) + 60.
59
Calculate 1 + -9 + (24 - 11) - -4 - 57.
-48
Calculate -4 + 14 - (27 - ((14 - 10 - 3) + -6)).
-22
What is (-1 - 3) + -51 - (60 + -55 + 6)?
-66
-3 + 10 + -29 - (-2 - -8)
-28
What is -13 - (-27 + -27) - 20?
21
What is the value of -95 + (69 - 24) + 0 + 12?
-38
Evaluate (5 - 6) + 4 + 18 + -20 + 3.
4
Calculate -8 - (9 - (2 + -10)).
-25
What is the value of 9 + (0 - (-7 - (8 - 3))) + -18?
3
Calculate 53 - (21 + -32 + 24 + -14).
54
Calculate (-9 - (1 - 7)) + (5 - (-7 - (-20 + 6))).
-5
Evaluate -76 + -26 + (5 - 6) + 23 + (-6 - -1).
-85
What is 272 + -279 + 2 + 21?
16
Evaluate -7 - (3 - 25) - (10 - 2).
7
Evaluate -1322 + 1361 + (-83 - 1).
-45
Calculate 105 - (-1 + -25 - (2203 + -2248)).
86
Evaluate (-4 + -4 - (137 - 54)) + 18.
-73
(6 - 11) + (0 - 30) + -2 + (-81 - -77)
-41
What is the value of (-1 - 26 - 2) + (-14 + -9 - -1 - -11)?
-40
(-13 - -15) + 0 - (9 - (-3 - -8)) - -80
78
What is the value of -110 - ((58 - 21) + -45 - 1)?
-101
Calculate -1 + -98 + (25 - (10 + (-3 + 5 - -2))).
-88
(-10 - -8) + -3 + -5 + (21 - 61)
-50
Evaluate 153 + (114 - (37 - -135)).
95
Evaluate 22 + -3 + 67 + -30 + -22.
34
Evaluate 93 + -132 + 27 - (-20 + -5 + 2).
11
What is -77 + (12 - 7 - 6) + 19 - -18?
-41
Evaluate -2 + 75 + -54 + -35.
-16
What is -151 + 146 + (-29 - (5 - 14))?
-25
22 - (33 + -61 + 87)
-37
15 + 4 + (-16 - -7) + (23 - 3)
30
Calculate (-6 - (-14 + -3) - 62) + 3 + (-13 - -4).
-57
What is 97 + (4 + -20 + -13 + 5 + 16 - -11)?
100
What is the value of 1 + -12 - (249 - 213)?
-47
14 + (-3 - -2 - -8) + -8 - 14
-1
What is 7 + (-4 - (-32 - (-9 - -2)))?
28
What is 26807 + -26840 - (0 + (0 - 0) + 17)?
-50
Evaluate -46 + 61 + -88 + 126.
53
What is 147 - 150 - ((-1 - 116) + 8 + 0)?
106
What is the value of 76 + -80 - (19 + (-4 - (-1 - 3) - -2))?
-25
206 - (74 - (-141 + 94))
85
Calculate -1 + (14 - (3 - -13)) - (-1 + -1 + 20).
-21
-2 + 2 + 16 + 1 + -21303 + 21298
12
What is 7 + (-4 - -2 - 2) - ((16 - -19) + -11)?
-21
(2 - (30 - (-6 + 4 - 8))) + -6
-44
What is the value of (-4 - 1 - (25 + -12)) + -9 + -3?
-30
What is the value of -30 + -1 - (284 - (129 - -127))?
-59
What is 2 - (-15 - (8 - 18) - (-8 - 5 - -14))?
8
Evaluate (-1 - (18 + (-1 - (14 + -6)))) + (42 - 49).
-17
Evaluate -29 - -1 - (145 + -96 + -58).
-19
What is the value of 19 - (16 + (16 - 23)) - -35?
45
Evaluate (45 - 33 - (9 - 1)) + (-27 - -20) - 32.
-35
Calculate -18 - (-6 + 1 + (-15 - (7 + -19))).
-10
-7 - (1 + 4 - (-5 + -2 + 9))
-10
(0 - (31 + 0)) + (-118731 - -118828)
66
Evaluate (-22 - (7 + -3) - (-69 + 79)) + -1 + 5.
-32
Evaluate -41 + (33 + -11 + 24 - -33).
38
What is (-1 - 84) + -1 + (76 - 80 - (-1 + 0))?
-89
104 - 11 - -25 - 2
116
What is the value of -10 + 0 + (-35 + 15 - (3 - 26))?
-7
1 + -17 + (6 - 6) - -14 - (-29 - -1)
26
What is 43 - (18 - (5 - (10 - (1 + 1 + 11))))?
33
40 + -112 + 88 - (-12 - 6 - -1)
33
What is -65 - (-58 + 28) - 19?
-54
-74 + (8202 - 8181 - ((1 - 1) + 13))
-66
Evaluate 7 + 8 + -10 - ((3 - -17) + 31).
-46
19 - (-2 - (-13 - (1 - (-41 - 17))))
-51
(-19 - -28 - (-2 - -13)) + 27 + 0 + 1
26
-4 - ((10 - (-9 + 32)) + 65)
-56
What is (-40 - 11) + (4 - (-11 + -2 + 13))?
-47
What is 41 - (-42 + 64 + -38)?
57
Calculate (-29 - 48) + 21 + -8 + 14.
-50
Calculate -69 + 5 - (-4 + -33).
-27
Calculate (25 + -13 + 0 - 156 - (-2 - 10)) + 2.
-130
Evaluate 26 + -12 + -15 + 15 - 31.
-17
(210 - 128) + -101 + 23
4
What is the value of -62 + 13 + (-45 - -30)?
-64
What is -10 - ((6 - (-3 + -22 + 32)) + 9 + 1)?
-19
Evaluate -75 + 37 + 35 - (-3 + 1 + -97).
96
(10 - -1) + 120 + (11 - (1 - 14)) + -31
124
What is the value of (8 + -16 - -3) + (1 - 1 - (82 + -50))?
-37
Calculate -60 - -14 - -35 - ((-1 - -1) + 1 + -20).
8
What is 66 + (-28 - -55) - 68?
25
